{"id":9405,"date":"2025-04-24T17:04:41","date_gmt":"2025-04-24T17:04:41","guid":{"rendered":"https:\/\/distritopo.com\/?post_type=product&#038;p=9405"},"modified":"2025-11-04T17:24:40","modified_gmt":"2025-11-04T17:24:40","slug":"9405","status":"publish","type":"product","link":"https:\/\/distritopo.com\/index.php\/producto\/9405\/","title":{"rendered":"Pizarra magn\u00e9tica blanca &#8211; EZCO"},"content":{"rendered":"<p>Pizarras magn\u00e9ticas blancas, marco de pl\u00e1stico, incluye imanes, borrador y marcador azul para pizarra.<\/p>\n","protected":false},"excerpt":{"rendered":"<p><em>Precio con IVA incluido<\/em><\/p>\n","protected":false},"featured_media":9406,"template":"","meta":{"_monsterinsights_skip_tracking":false,"_monsterinsights_sitenote_active":false,"_monsterinsights_sitenote_note":"","_monsterinsights_sitenote_category":0},"product_brand":[],"product_cat":[19],"product_tag":[1068,1163,134,1719,224,1718,1717],"class_list":{"0":"post-9405","1":"product","2":"type-product","3":"status-publish","4":"has-post-thumbnail","6":"product_cat-libreria","7":"product_tag-blanca","8":"product_tag-borrador","9":"product_tag-ezco","10":"product_tag-fibron","11":"product_tag-marcador","12":"product_tag-pizarra-magnetica","13":"product_tag-pizarras","15":"first","16":"instock","17":"shipping-taxable","18":"purchasable","19":"product-type-variable"},"aioseo_notices":[],"_links":{"self":[{"href":"https:\/\/distritopo.com\/index.php\/wp-json\/wp\/v2\/product\/9405","targetHints":{"allow":["GET"]}}],"collection":[{"href":"https:\/\/distritopo.com\/index.php\/wp-json\/wp\/v2\/product"}],"about":[{"href":"https:\/\/distritopo.com\/index.php\/wp-json\/wp\/v2\/types\/product"}],"wp:featuredmedia":[{"embeddable":true,"href":"https:\/\/distritopo.com\/index.php\/wp-json\/wp\/v2\/media\/9406"}],"wp:attachment":[{"href":"https:\/\/distritopo.com\/index.php\/wp-json\/wp\/v2\/media?parent=9405"}],"wp:term":[{"taxonomy":"product_brand","embeddable":true,"href":"https:\/\/distritopo.com\/index.php\/wp-json\/wp\/v2\/product_brand?post=9405"},{"taxonomy":"product_cat","embeddable":true,"href":"https:\/\/distritopo.com\/index.php\/wp-json\/wp\/v2\/product_cat?post=9405"},{"taxonomy":"product_tag","embeddable":true,"href":"https:\/\/distritopo.com\/index.php\/wp-json\/wp\/v2\/product_tag?post=9405"}],"curies":[{"name":"wp","href":"https:\/\/api.w.org\/{rel}","templated":true}]}}