{"id":9355,"date":"2025-04-24T15:59:20","date_gmt":"2025-04-24T15:59:20","guid":{"rendered":"https:\/\/distritopo.com\/?post_type=product&#038;p=9355"},"modified":"2025-10-27T13:45:00","modified_gmt":"2025-10-27T13:45:00","slug":"cutter-plastico-con-guia-18-mm-ezco","status":"publish","type":"product","link":"https:\/\/distritopo.com\/index.php\/producto\/cutter-plastico-con-guia-18-mm-ezco\/","title":{"rendered":"Cutter pl\u00e1stico con gu\u00eda 18 mm &#8211; EZCO"},"content":{"rendered":"<p>Cortantes con gu\u00eda met\u00e1lica, hojas de acero 9 mm y 18 mm, traba pl\u00e1stica con freno, punta de metal.<\/p>\n","protected":false},"excerpt":{"rendered":"<p><em>Precio con IVA incluido<\/em><\/p>\n","protected":false},"featured_media":9356,"template":"","meta":{"_monsterinsights_skip_tracking":false,"_monsterinsights_sitenote_active":false,"_monsterinsights_sitenote_note":"","_monsterinsights_sitenote_category":0},"product_brand":[],"product_cat":[19],"product_tag":[1709,1708,1705,1405,134,202],"class_list":{"0":"post-9355","1":"product","2":"type-product","3":"status-publish","4":"has-post-thumbnail","6":"product_cat-libreria","7":"product_tag-18-mm","8":"product_tag-con-guia","9":"product_tag-cortante","10":"product_tag-cutter","11":"product_tag-ezco","12":"product_tag-plastico","14":"first","15":"instock","16":"shipping-taxable","17":"purchasable","18":"product-type-simple"},"aioseo_notices":[],"_links":{"self":[{"href":"https:\/\/distritopo.com\/index.php\/wp-json\/wp\/v2\/product\/9355","targetHints":{"allow":["GET"]}}],"collection":[{"href":"https:\/\/distritopo.com\/index.php\/wp-json\/wp\/v2\/product"}],"about":[{"href":"https:\/\/distritopo.com\/index.php\/wp-json\/wp\/v2\/types\/product"}],"wp:featuredmedia":[{"embeddable":true,"href":"https:\/\/distritopo.com\/index.php\/wp-json\/wp\/v2\/media\/9356"}],"wp:attachment":[{"href":"https:\/\/distritopo.com\/index.php\/wp-json\/wp\/v2\/media?parent=9355"}],"wp:term":[{"taxonomy":"product_brand","embeddable":true,"href":"https:\/\/distritopo.com\/index.php\/wp-json\/wp\/v2\/product_brand?post=9355"},{"taxonomy":"product_cat","embeddable":true,"href":"https:\/\/distritopo.com\/index.php\/wp-json\/wp\/v2\/product_cat?post=9355"},{"taxonomy":"product_tag","embeddable":true,"href":"https:\/\/distritopo.com\/index.php\/wp-json\/wp\/v2\/product_tag?post=9355"}],"curies":[{"name":"wp","href":"https:\/\/api.w.org\/{rel}","templated":true}]}}