{"id":8467,"date":"2025-03-28T12:45:07","date_gmt":"2025-03-28T12:45:07","guid":{"rendered":"https:\/\/distritopo.com\/?post_type=product&#038;p=8467"},"modified":"2025-10-20T15:47:12","modified_gmt":"2025-10-20T15:47:12","slug":"barniz-brillante125cc-playcolor-delarte","status":"publish","type":"product","link":"https:\/\/distritopo.com\/index.php\/producto\/barniz-brillante125cc-playcolor-delarte\/","title":{"rendered":"Barniz Brillante 125cc &#8211; PLAYCOLOR  DELARTE"},"content":{"rendered":"<p>Barniz al agua de pel\u00edcula muy resistente para utilizar en trabajos expuestos al exterior. Se puede mezclar con el Acr\u00edlico de viscosidad media para mejorar su adherencia sobre superficies como vidrio y pl\u00e1stico.<\/p>\n","protected":false},"excerpt":{"rendered":"<p><em>Precio con IVA incluido<\/em><\/p>\n","protected":false},"featured_media":8468,"template":"","meta":{"_monsterinsights_skip_tracking":false,"_monsterinsights_sitenote_active":false,"_monsterinsights_sitenote_note":"","_monsterinsights_sitenote_category":0},"product_brand":[],"product_cat":[19],"product_tag":[970,967,1494,969,161],"class_list":{"0":"post-8467","1":"product","2":"type-product","3":"status-publish","4":"has-post-thumbnail","6":"product_cat-libreria","7":"product_tag-125-cc","8":"product_tag-barniz","9":"product_tag-brillante","10":"product_tag-delarte","11":"product_tag-playcolor","13":"first","14":"outofstock","15":"shipping-taxable","16":"purchasable","17":"product-type-simple"},"aioseo_notices":[],"_links":{"self":[{"href":"https:\/\/distritopo.com\/index.php\/wp-json\/wp\/v2\/product\/8467","targetHints":{"allow":["GET"]}}],"collection":[{"href":"https:\/\/distritopo.com\/index.php\/wp-json\/wp\/v2\/product"}],"about":[{"href":"https:\/\/distritopo.com\/index.php\/wp-json\/wp\/v2\/types\/product"}],"wp:featuredmedia":[{"embeddable":true,"href":"https:\/\/distritopo.com\/index.php\/wp-json\/wp\/v2\/media\/8468"}],"wp:attachment":[{"href":"https:\/\/distritopo.com\/index.php\/wp-json\/wp\/v2\/media?parent=8467"}],"wp:term":[{"taxonomy":"product_brand","embeddable":true,"href":"https:\/\/distritopo.com\/index.php\/wp-json\/wp\/v2\/product_brand?post=8467"},{"taxonomy":"product_cat","embeddable":true,"href":"https:\/\/distritopo.com\/index.php\/wp-json\/wp\/v2\/product_cat?post=8467"},{"taxonomy":"product_tag","embeddable":true,"href":"https:\/\/distritopo.com\/index.php\/wp-json\/wp\/v2\/product_tag?post=8467"}],"curies":[{"name":"wp","href":"https:\/\/api.w.org\/{rel}","templated":true}]}}