{"id":6142,"date":"2025-01-29T15:06:21","date_gmt":"2025-01-29T15:06:21","guid":{"rendered":"https:\/\/distritopo.com\/?post_type=product&#038;p=6142"},"modified":"2025-01-29T15:06:21","modified_gmt":"2025-01-29T15:06:21","slug":"cartuchera-2-pisos-con-squishy-capitan-america-multiscope","status":"publish","type":"product","link":"https:\/\/distritopo.com\/index.php\/producto\/cartuchera-2-pisos-con-squishy-capitan-america-multiscope\/","title":{"rendered":"Cartuchera 2 pisos con squishy \u00abCapitan Am\u00e9rica\u00bb &#8211; MULTISCOPE"},"content":{"rendered":"<ul>\n<li>\u00a1Este producto tiene un squishy en la tapa para divertirse!<\/li>\n<li>Material: PVC brillante + aplique squishy con forma de estrella en el frente<\/li>\n<li>Ribete: PU metalizado con trama en relieve<\/li>\n<li>Formato m\u00e1s ancho, \u00fanico en el mercado, dise\u00f1ado especialmente para que el pegamento favorito de los chicos se pueda guardar sin necesidad de forzar su cierre<\/li>\n<li>2 compartimentos con cierre<\/li>\n<li>Nuevo interior reforzado en friselina para mayor durabilidad<\/li>\n<li>El\u00e1sticos interiores con costura reforzada y diferentes anchos para guardar todo tipo de \u00fatiles<\/li>\n<li>Tiracierre de goma<\/li>\n<\/ul>\n","protected":false},"excerpt":{"rendered":"<p><em>Precio con IVA incluido<\/em><\/p>\n","protected":false},"featured_media":6146,"template":"","meta":{"_monsterinsights_skip_tracking":false,"_monsterinsights_sitenote_active":false,"_monsterinsights_sitenote_note":"","_monsterinsights_sitenote_category":0},"product_brand":[],"product_cat":[586],"product_tag":[651,572,1266,560,720],"class_list":{"0":"post-6142","1":"product","2":"type-product","3":"status-publish","4":"has-post-thumbnail","6":"product_cat-cartucheras","7":"product_tag-2-pisos","8":"product_tag-avengers","9":"product_tag-capitan-america","10":"product_tag-cartuchera","11":"product_tag-multiscope","13":"first","14":"instock","15":"shipping-taxable","16":"purchasable","17":"product-type-simple"},"aioseo_notices":[],"_links":{"self":[{"href":"https:\/\/distritopo.com\/index.php\/wp-json\/wp\/v2\/product\/6142","targetHints":{"allow":["GET"]}}],"collection":[{"href":"https:\/\/distritopo.com\/index.php\/wp-json\/wp\/v2\/product"}],"about":[{"href":"https:\/\/distritopo.com\/index.php\/wp-json\/wp\/v2\/types\/product"}],"wp:featuredmedia":[{"embeddable":true,"href":"https:\/\/distritopo.com\/index.php\/wp-json\/wp\/v2\/media\/6146"}],"wp:attachment":[{"href":"https:\/\/distritopo.com\/index.php\/wp-json\/wp\/v2\/media?parent=6142"}],"wp:term":[{"taxonomy":"product_brand","embeddable":true,"href":"https:\/\/distritopo.com\/index.php\/wp-json\/wp\/v2\/product_brand?post=6142"},{"taxonomy":"product_cat","embeddable":true,"href":"https:\/\/distritopo.com\/index.php\/wp-json\/wp\/v2\/product_cat?post=6142"},{"taxonomy":"product_tag","embeddable":true,"href":"https:\/\/distritopo.com\/index.php\/wp-json\/wp\/v2\/product_tag?post=6142"}],"curies":[{"name":"wp","href":"https:\/\/api.w.org\/{rel}","templated":true}]}}