{"id":4042,"date":"2024-12-26T19:06:54","date_gmt":"2024-12-26T19:06:54","guid":{"rendered":"https:\/\/distritopo.com\/?post_type=product&#038;p=4042"},"modified":"2025-04-21T13:17:39","modified_gmt":"2025-04-21T13:17:39","slug":"andador-hipo-movil-rondi","status":"publish","type":"product","link":"https:\/\/distritopo.com\/index.php\/producto\/andador-hipo-movil-rondi\/","title":{"rendered":"Andador \u00abHipo M\u00f3vil\u00bb &#8211; RONDI"},"content":{"rendered":"<p>Es c\u00f3modo, super seguro y colorido. Tiene protecci\u00f3n antivuelco y est\u00e1 dise\u00f1ado para que los nenes disfruten cada d\u00eda de una nueva aventura.<\/p>\n<p><strong>Edad recomendada: A partir de 10 meses<\/strong><\/p>\n","protected":false},"excerpt":{"rendered":"<p><em>Precio con IVA incluido<\/em><\/p>\n","protected":false},"featured_media":4043,"template":"","meta":{"_monsterinsights_skip_tracking":false,"_monsterinsights_sitenote_active":false,"_monsterinsights_sitenote_note":"","_monsterinsights_sitenote_category":0},"product_brand":[],"product_cat":[1654,18,22],"product_tag":[41,853,822,43],"class_list":{"0":"post-4042","1":"product","2":"type-product","3":"status-publish","4":"has-post-thumbnail","6":"product_cat-andador","7":"product_cat-jugueteria","8":"product_cat-rodados","9":"product_tag-andador","10":"product_tag-hipo","11":"product_tag-rodados","12":"product_tag-rondi","14":"first","15":"outofstock","16":"shipping-taxable","17":"purchasable","18":"product-type-simple"},"aioseo_notices":[],"_links":{"self":[{"href":"https:\/\/distritopo.com\/index.php\/wp-json\/wp\/v2\/product\/4042","targetHints":{"allow":["GET"]}}],"collection":[{"href":"https:\/\/distritopo.com\/index.php\/wp-json\/wp\/v2\/product"}],"about":[{"href":"https:\/\/distritopo.com\/index.php\/wp-json\/wp\/v2\/types\/product"}],"wp:featuredmedia":[{"embeddable":true,"href":"https:\/\/distritopo.com\/index.php\/wp-json\/wp\/v2\/media\/4043"}],"wp:attachment":[{"href":"https:\/\/distritopo.com\/index.php\/wp-json\/wp\/v2\/media?parent=4042"}],"wp:term":[{"taxonomy":"product_brand","embeddable":true,"href":"https:\/\/distritopo.com\/index.php\/wp-json\/wp\/v2\/product_brand?post=4042"},{"taxonomy":"product_cat","embeddable":true,"href":"https:\/\/distritopo.com\/index.php\/wp-json\/wp\/v2\/product_cat?post=4042"},{"taxonomy":"product_tag","embeddable":true,"href":"https:\/\/distritopo.com\/index.php\/wp-json\/wp\/v2\/product_tag?post=4042"}],"curies":[{"name":"wp","href":"https:\/\/api.w.org\/{rel}","templated":true}]}}