{"id":10911,"date":"2025-11-07T19:36:38","date_gmt":"2025-11-07T19:36:38","guid":{"rendered":"https:\/\/distritopo.com\/?post_type=product&#038;p=10911"},"modified":"2026-04-08T18:57:59","modified_gmt":"2026-04-08T18:57:59","slug":"marcadores-de-pintura-al-agua-tnt-7-0-filgo","status":"publish","type":"product","link":"https:\/\/distritopo.com\/index.php\/producto\/marcadores-de-pintura-al-agua-tnt-7-0-filgo\/","title":{"rendered":"Marcadores de pintura al agua TNT 7.0 FILGO"},"content":{"rendered":"<ul>\n<li>Marcador permanente de pintura al agua<\/li>\n<li>Sistema de v\u00e1lvula<\/li>\n<li>Secado r\u00e1pido<\/li>\n<li>Punta gruesa biselada de 7.0 mm<\/li>\n<li>Ideal para cubrir extensas superficies, realizar lettering y l\u00edneas curvas<\/li>\n<li>Apto para m\u00faltiples superficies: papeles gruesos, cart\u00f3n, vidrio, madera, cer\u00e1mica, metal, textiles, cemento, entre otros<\/li>\n<li>Uso para artistas, dise\u00f1adores y grafitteros<\/li>\n<\/ul>\n","protected":false},"excerpt":{"rendered":"<p>Marcador permanente de pintura al agua Sistema de v\u00e1lvula Secado r\u00e1pido Punta gruesa biselada de 7.0 mm Ideal para cubrir&#8230;<\/p>\n","protected":false},"featured_media":10912,"template":"","meta":{"_monsterinsights_skip_tracking":false,"_monsterinsights_sitenote_active":false,"_monsterinsights_sitenote_note":"","_monsterinsights_sitenote_category":0},"product_brand":[],"product_cat":[19],"product_tag":[1103,192,224,1967,1909],"class_list":{"0":"post-10911","1":"product","2":"type-product","3":"status-publish","4":"has-post-thumbnail","6":"product_cat-libreria","7":"product_tag-al-agua","8":"product_tag-filgo","9":"product_tag-marcador","10":"product_tag-primarios","11":"product_tag-tnt","13":"first","14":"instock","15":"shipping-taxable","16":"purchasable","17":"product-type-simple"},"aioseo_notices":[],"_links":{"self":[{"href":"https:\/\/distritopo.com\/index.php\/wp-json\/wp\/v2\/product\/10911","targetHints":{"allow":["GET"]}}],"collection":[{"href":"https:\/\/distritopo.com\/index.php\/wp-json\/wp\/v2\/product"}],"about":[{"href":"https:\/\/distritopo.com\/index.php\/wp-json\/wp\/v2\/types\/product"}],"wp:featuredmedia":[{"embeddable":true,"href":"https:\/\/distritopo.com\/index.php\/wp-json\/wp\/v2\/media\/10912"}],"wp:attachment":[{"href":"https:\/\/distritopo.com\/index.php\/wp-json\/wp\/v2\/media?parent=10911"}],"wp:term":[{"taxonomy":"product_brand","embeddable":true,"href":"https:\/\/distritopo.com\/index.php\/wp-json\/wp\/v2\/product_brand?post=10911"},{"taxonomy":"product_cat","embeddable":true,"href":"https:\/\/distritopo.com\/index.php\/wp-json\/wp\/v2\/product_cat?post=10911"},{"taxonomy":"product_tag","embeddable":true,"href":"https:\/\/distritopo.com\/index.php\/wp-json\/wp\/v2\/product_tag?post=10911"}],"curies":[{"name":"wp","href":"https:\/\/api.w.org\/{rel}","templated":true}]}}